3
What is the remainder when 105959 is divided by 118?
113
Calculate the remainder when 13664799 is divided by 38.
37
Calculate the remainder when 1660573 is divided by 830282.
9
What is the remainder when 1154398 is divided by 955?
758
Calculate the remainder when 4618192 is divided by 94.
66
Calculate the remainder when 10216804 is divided by 4291.
4224
Calculate the remainder when 233649 is divided by 1011.
108
Calculate the remainder when 75444647 is divided by 1799.
1783
What is the remainder when 30029268 is divided by 30029262?
6
What is the remainder when 5130742 is divided by 514?
508
Calculate the remainder when 64460 is divided by 9201.
53
What is the remainder when 1110575 is divided by 334?
25
Calculate the remainder when 43774836 is divided by 1485.
6
What is the remainder when 289932 is divided by 12080?
12
What is the remainder when 10253018 is divided by 788683?
139
What is the remainder when 9458 is divided by 889?
568
Calculate the remainder when 2738599 is divided by 448.
423
Calculate the remainder when 1342374 is divided by 4.
2
What is the remainder when 3655989 is divided by 85?
54
Calculate the remainder when 28185452 is divided by 2657.
2653
Calculate the remainder when 7200363 is divided by 3600181.
1
Calculate the remainder when 551042 is divided by 4818.
1790
What is the remainder when 68892118 is divided by 810?
808
What is the remainder when 218826 is divided by 12866?
104
Calculate the remainder when 1938143 is divided by 142.
127
What is the remainder when 26148009 is divided by 1610?
1609
Calculate the remainder when 10304199 is divided by 41.
38
Calculate the remainder when 46018452 is divided by 107.
106
Calculate the remainder when 243766275 is divided by 612478.
31
What is the remainder when 312498457 is divided by 118?
1
What is the remainder when 319394699 is divided by 1085?
1079
Calculate the remainder when 50349556 is divided by 2956.
8
Calculate the remainder when 927637 is divided by 308244.
2905
Calculate the remainder when 153699 is divided by 1784.
275
Calculate the remainder when 2166056 is divided by 739.
47
What is the remainder when 2440502 is divided by 458?
278
Calculate the remainder when 23316339 is divided by 10921.
4
What is the remainder when 24436593 is divided by 76?
9
Calculate the remainder when 1536200 is divided by 533.
94
What is the remainder when 11449240 is divided by 673484?
12
Calculate the remainder when 2407569 is divided by 29.
18
What is the remainder when 276772 is divided by 374?
12
Calculate the remainder when 689790330 is divided by 322.
320
What is the remainder when 10619 is divided by 1155?
224
What is the remainder when 254942 is divided by 63535?
802
Calculate the remainder when 501159 is divided by 150.
9
Calculate the remainder when 6477617 is divided by 42.
41
What is the remainder when 9538113 is divided by 10?
3
Calculate the remainder when 417849 is divided by 138552.
2193
What is the remainder when 323201 is divided by 323108?
93
Calculate the remainder when 21671297 is divided by 199.
197
What is the remainder when 268169 is divided by 134072?
25
Calculate the remainder when 16847983 is divided by 105.
103
What is the remainder when 171642 is divided by 34306?
112
What is the remainder when 1198052 is divided by 199604?
428
Calculate the remainder when 2124630 is divided by 2177.
2055
Calculate the remainder when 2161599 is divided by 432317.
14
What is the remainder when 1414783 is divided by 13?
6
What is the remainder when 4320307 is divided by 28802?
7
Calculate the remainder when 110372 is divided by 174.
56
Calculate the remainder when 32016 is divided by 4459.
803
Calculate the remainder when 6583926 is divided by 472.
470
Calculate the remainder when 50166 is divided by 224.
214
What is the remainder when 13331688 is divided by 21891?
69
Calculate the remainder when 4862489 is divided by 16483.
4
Calculate the remainder when 478111 is divided by 100.
11
What is the remainder when 362931 is divided by 57?
12
What is the remainder when 2805720 is divided by 36?
24
Calculate the remainder when 5890103 is divided by 603.
602
What is the remainder when 396566 is divided by 946?
192
Calculate the remainder when 337796 is divided by 30704.
52
Calculate the remainder when 1409105 is divided by 108377.
204
Calculate the remainder when 1538136 is divided by 74.
46
Calculate the remainder when 138172 is divided by 138108.
64
Calculate the remainder when 177375 is divided by 220.
55
What is the remainder when 109796330 is divided by 291?
284
What is the remainder when 54687 is divided by 1592?
559
What is the remainder when 1045278 is divided by 220?
58
What is the remainder when 37322 is divided by 1761?
341
Calculate the remainder when 25114445 is divided by 241485.
5
Calculate the remainder when 129311 is divided by 15789.
2999
What is the remainder when 7763346 is divided by 1940755?
326
Calculate the remainder when 100170183 is divided by 106225.
8
Calculate the remainder when 32426 is divided by 602.
520
Calculate the remainder when 858272 is divided by 46.
4
Calculate the remainder when 6141756 is divided by 501.
498
What is the remainder when 61597896 is divided by 967?
963
Calculate the remainder when 395074 is divided by 70.
64
Calculate the remainder when 250201 is divided by 166.
39
What is the remainder when 97206 is divided by 3806?
2056
Calculate the remainder when 19707598 is divided by 149.
113
Calculate the remainder when 1043983 is divided by 629.
472
What is the remainder when 1590365 is divided by 651?
623
Calculate the remainder when 442849 is divided by 7321.
3589
Calculate the remainder when 393013 is divided by 130966.
115
What is the remainder when 11328628 is divided by 7054?
6958
Calculate the remainder when 252996 is divided by 213.
165
Calculate the remainder when 4928687 is divided by 821436.
71
What is the remainder when 636340 is divided by 159075?
40
Calculate the remainder when 869196914 is divided by 4155.
4154
What is the remainder when 859682 is divided by 429806?
70
What is the remainder when 345081 is divided by 172533?
15
Calculate the remainder when 25849 is divided by 1533.
1321
What is the remainder when 96650419 is divided by 10?
9
Calculate the remainder when 90712569 is divided by 45356278.
13
What is the remainder when 875312 is divided by 815?
2
Calculate the remainder when 2268199 is divided by 37803.
19
Calculate the remainder when 1649867 is divided by 455.
37
What is the remainder when 914705 is divided by 114264?
593
Calculate the remainder when 15383360 is divided by 221.
213
Calculate the remainder when 164609 is divided by 26792.
3857
Calculate the remainder when 442220 is divided by 29460.
320
What is the remainder when 135711176 is divided by 804?
800
What is the remainder when 232426 is divided by 1917?
469
Calculate the remainder when 81070 is divided by 26715.
925
Calculate the remainder when 142685043 is divided by 58.
55
Calculate the remainder when 78038 is divided by 77577.
461
What is the remainder when 1883355 is divided by 294?
285
Calculate the remainder when 12472437 is divided by 2494474.
67
What is the remainder when 226911 is divided by 4129?
3945
What is the remainder when 330229 is divided by 21952?
949
What is the remainder when 30248 is divided by 27786?
2462
What is the remainder when 3537636 is divided by 228?
216
Calculate the remainder when 14407 is divided by 3329.
1091
What is the remainder when 38913108 is divided by 10557?
6
What is the remainder when 49086 is divided by 15879?
1449
Calculate the remainder when 170800 is divided by 40913.
7148
What is the remainder when 3389602 is divided by 3127?
3061
Calculate the remainder when 44461 is divided by 1347.
10
What is the remainder when 31932237 is divided by 80?
77
What is the remainder when 34903535 is divided by 29306?
89
What is the remainder when 6397956 is divided by 1599427?
248
What is the remainder when 8232378 is divided by 71?
70
Calculate the remainder when 2997307 is divided by 1498578.
151
What is the remainder when 2215361 is divided by 100681?
379
What is the remainder when 419597 is divided by 14985?
17
What is the remainder when 138634337 is divided by 65?
62
What is the remainder when 191318 is divid